f 420?
False
Is 63871101 a multiple of 385?
False
Is 1094 a factor of 328170462?
True
Is 1292 a factor of 57652916?
True
Does 97 divide 982389713?
True
Is 1027 a factor of 6433128?
True
Does 36 divide 149645412?
True
Is 20 a factor of 2131904353?
False
Does 84 divide 3616536?
True
Is 132503040 a multiple of 355?
True
Is 31410944 a multiple of 4?
True
Does 515 divide 23047947?
False
Is 1105701114 a multiple of 1347?
True
Does 296 divide 207009261?
False
Is 36341358 a multiple of 159?
True
Is 17 a factor of 60795213?
True
Does 3418 divide 55559590?
True
Does 2691 divide 48159495?
False
Is 46869987 a multiple of 28?
False
Is 54 a factor of 1448678725?
False
Does 13 divide 276937635?
True
Does 8 divide 31074037?
False
Does 63 divide 5425371?
True
Is 1205486 a multiple of 9?
False
Is 732717021 a multiple of 11?
False
Is 76237418 a multiple of 3098?
False
Is 1768676579 a multiple of 38?
False
Does 1205 divide 24165070?
True
Does 402 divide 91066197?
False
Is 26 a factor of 1458495558?
True
Is 99 a factor of 58025385?
True
Is 276299125 a multiple of 5?
True
Is 2813175852 a multiple of 9467?
True
Does 14 divide 1539491058?
True
Is 239 a factor of 543792380?
False
Does 8 divide 1736683?
False
Is 144668592 a multiple of 2916?
True
Does 1404 divide 18452772?
True
Does 636 divide 56273437?
False
Does 2666 divide 122382730?
True
Is 21465378 a multiple of 297?
True
Does 25 divide 2363391475?
True
Is 16332666 a multiple of 1477?
True
Does 40 divide 16319878?
False
Does 11 divide 33735806?
False
Is 75669440 a multiple of 320?
True
Is 42 a factor of 823255902?
True
Does 36 divide 207797760?
True
Is 13 a factor of 643513975?
True
Does 14 divide 3676308?
False
Is 28 a factor of 1447365487?
False
Is 16 a factor of 495584024?
False
Does 3878 divide 2056515034?
True
Does 5266 divide 224294738?
True
Is 85035126 a multiple of 11?
True
Does 63 divide 16332754?
False
Does 55 divide 20024895?
True
Is 75 a factor of 6871438?
False
Is 10 a factor of 21609615?
False
Does 168 divide 201032211?
False
Does 89 divide 3914087446?
False
Is 1421 a factor of 3754449379?
False
Is 63 a factor of 14515893?
True
Does 186 divide 2359240740?
True
Does 40 divide 581853400?
True
Does 366 divide 914611?
False
Does 1401 divide 360382423?
False
Is 16 a factor of 26660000?
True
Is 53789198 a multiple of 7?
False
Does 2426 divide 62146774?
False
Is 372661966 a multiple of 904?
False
Does 529 divide 12712936?
False
Is 1255527588 a multiple of 163?
False
Is 128 a factor of 114475305?
False
Is 21 a factor of 5519178415?
False
Does 2706 divide 425583901?
False
Does 361 divide 17123674?
True
Does 403 divide 74196330?
True
Does 92 divide 67130284?
True
Is 243 a factor of 1842539385?
False
Does 7 divide 3318728?
True
Does 7 divide 535637666?
False
Is 1726 a factor of 121810724?
True
Does 1670 divide 564688753?
False
Is 190781650 a multiple of 1147?
False
Does 118 divide 3044282?
True
Does 11 divide 2312222319?
True
Is 11851008 a multiple of 16?
True
Is 3158358880 a multiple of 444?
False
Does 4 divide 4148829?
False
Is 16 a factor of 145664283?
False
Is 175 a factor of 56650444?
False
Is 6 a factor of 868428?
True
Is 35 a factor of 6013062?
False
Is 223 a factor of 1477152?
True
Does 16265 divide 5602723225?
True
Is 796449000 a multiple of 12?
True
Is 643 a factor of 755719829?
True
Is 945 a factor of 658322910?
True
Does 1284 divide 3964499231?
False
Does 281 divide 288665375?
False
Is 82 a factor of 35283124?
True
Does 19 divide 29088421?
False
Is 5 a factor of 32730760?
True
Is 1416 a factor of 112099056?
True
Does 124 divide 49198736?
True
Is 1109 a factor of 250721611?
True
Is 68 a factor of 626467959?
False
Is 140112064 a multiple of 691?
False
Does 581 divide 7914249?
False
Is 7439137778 a multiple of 18?
False
Does 789 divide 77988705?
True
Is 477 a factor of 9694042?
False
Is 33 a factor of 159063616?
False
Does 11 divide 10017520?
False
Is 1426171422 a multiple of 12?
False
Does 296 divide 1638952?
True
Does 444 divide 3463376712?
True
Is 103 a factor of 166092959?
True
Is 42 a factor of 262177372?
False
Does 25 divide 321919175?
True
Is 9 a factor of 283361967?
True
Is 249879456 a multiple of 288?
True
Is 9 a factor of 176371521?
False
Is 90 a factor of 806181390?
True
Does 11 divide 682656534?
False
Does 71 divide 26826356?
True
Is 621 a factor of 26537814?
True
Is 16 a factor of 24155712?
True
Is 12434455 a multiple of 1793?
True
Does 32 divide 106020352?
True
Is 3 a factor of 212415091?
False
Is 6 a factor of 24260310?
True
Does 14 divide 16327276?
True
Is 78 a factor of 241456825?
False
Does 2178 divide 1347127766?
False
Is 1575884342 a multiple of 6734?
False
Is 2313 a factor of 194220647?
False
Does 28 divide 27764655?
False
Is 989 a factor of 1002863802?
True
Does 124 divide 38195168?
False
Is 1440 a factor of 80926560?
True
Is 9383711 a multiple of 2264?
False
Does 10 divide 2343677?
False
Does 497 divide 1454433129?
False
Does 30 divide 245656631?
False
Is 230133054 a multiple of 27?
False
Is 518 a factor of 623320796?
True
Is 270789611 a multiple of 16?
False
Is 35 a factor of 5022641680?
True
Is 7 a factor of 58689890?
True
Does 2 divide 2082122?
True
Is 42167126 a multiple of 107?
False
Does 12 divide 283702175?
False
Is 21964371 a multiple of 11?
True
Is 732397562 a multiple of 22?
False
Does 5 divide 118034349?
False
Does 12243 divide 2180178285?
False
Is 72 a factor of 1284704504?
False
Does 11 divide 110570724?
True
Is 78149456 a multiple of 1232?
True
Does 52 divide 205875800?
True
Is 3248068 a multiple of 118?
True
Does 11 divide 733837346?
True
Is 521201263 a multiple of 14?
False
Does 68 divide 25180272?
False
Does 7131 divide 636730496?
False
Is 25087832 a multiple of 586?
True
Is 1038831570 a multiple of 4830?
True
Is 188179171 a multiple of 17?
True
Is 32197010 a multiple of 230?
True
Does 71 divide 29023799?
False
Is 39864464 a multiple of 91?
False
Does 15 divide 550315335?
True
Does 32 divide 154007680?
True
Does 347 divide 7538839?
False
Does 8 divide 59661128?
True
Is 105 a factor of 1281818152?
False
Is 21499317 a multiple of 63?
True
Does 68 divide 1187545217?
False
Is 44683459 a multiple of 2?
False
Is 23196406 a multiple of 457?
True
Does 2807 divide 92518816?
False
Does 1750 divide 95476500?
True
Is 419698623 a multiple of 633?
True
Is 83397 a multiple of 13?
False
Does 163 divide 147859256?
True
Is 241 a factor of 5865699?
True
Does 497 divide 196150493?
True
Does 57 divide 980354393?
False
Is 514707532 a multiple of 11?
False
Is 3847272 a multiple of 88?
True
Is 958161468 a multiple of 213?
False
Is 166 a factor of 1222849624?
True
Is 82160736 a multiple of 96?
True
Does 1610 divide 123821880?
True
Is 289 a factor of 25016191?
False
Does 61 divide 659532?
True
Is 28300675 a multiple of 1643?
True
Is 1748 a factor of 539420564?
True
Is 96 a factor of 430823520?
True
Is 8877950 a multiple of 4?
False
Is 9 a factor of 8897238?
True
Is 1712 a factor of 965336378?
False
Is 5971740 a multiple of 1353?
False
Is 1301 a factor of 6261584201?
True
Is 141598696 a multiple of 1172?
True
Is 848 a factor of 6068409?
False
Does 134 divide 263599172?
True
Is 11 a factor of 45661645?
False
Is 858 a factor of 14680380?
True
Does 782 divide 29529151?
False
Is 9904185 a multiple of 9?
True
Is 841 a factor of 18470095?
False
Is 503 a factor of 3609805578?
False
Does 2674 divide 138539940?
True
Is 20636197 a multiple of 14?
False
Is 1419785192 a multiple of 68?
True
Is 5001833169 a multiple of 16?
False
Does 691 divide 30604390?
True
Is 26598117 a multiple of 77?
False
Does 17 divide 98494396?
True
Is 234 a factor of 20317752?
True
Is 2115934451 a multiple of 107?
False
Is 432 a factor of 26704122?
False
Does 635 divide 6850890?
False
Does 52 divide 5616658?
False
Is 41099672 a multiple of 4?
True
Does 258 divide 159779142?
True
Is 276094390 a multiple of 4736?
False
Is 23 a factor of 4903462?
True
Does 38 divide 49137610?
True
Is 10886208 a multiple of 64?
True
Does 100 divide 12579958?
False
Is 22 a factor of 255790176?
False
Does 41 divide 327999180?
True
Is 8527428 a multiple of 546?
True
Is 1455714199 a multiple of 354?
False
Does 18 divide 107716268?
False
Is 323 a factor of 3913753?
False
Does 71 divide 156696666?
False
Does 2746 divide 13995488?
False
Is 28670274 